 factors of 23689?
23689
What are the prime factors of 4681?
31, 151
List the prime factors of 10175.
5, 11, 37
List the prime factors of 51813.
3, 19, 101
List the prime factors of 1804.
2, 11, 41
List the prime factors of 37388.
2, 13, 719
What are the prime factors of 493?
17, 29
List the prime factors of 67.
67
What are the prime factors of 606?
2, 3, 101
What are the prime factors of 372?
2, 3, 31
List the prime factors of 30312.
2, 3, 421
List the prime factors of 82.
2, 41
List the prime factors of 20274.
2, 3, 31, 109
List the prime factors of 1926.
2, 3, 107
List the prime factors of 3976.
2, 7, 71
What are the prime factors of 32786?
2, 13, 97
List the prime factors of 8773.
31, 283
What are the prime factors of 509?
509
List the prime factors of 2124.
2, 3, 59
What are the prime factors of 98?
2, 7
What are the prime factors of 8826?
2, 3, 1471
What are the prime factors of 184?
2, 23
What are the prime factors of 64073?
17, 3769
List the prime factors of 103889.
103889
What are the prime factors of 35350?
2, 5, 7, 101
List the prime factors of 40971.
3, 7, 1951
List the prime factors of 27512.
2, 19, 181
What are the prime factors of 857?
857
List the prime factors of 2551.
2551
What are the prime factors of 1223?
1223
List the prime factors of 294.
2, 3, 7
List the prime factors of 2159.
17, 127
What are the prime factors of 2052?
2, 3, 19
What are the prime factors of 7040?
2, 5, 11
List the prime factors of 982.
2, 491
List the prime factors of 1653.
3, 19, 29
What are the prime factors of 63494?
2, 53, 599
List the prime factors of 4056.
2, 3, 13
List the prime factors of 1508.
2, 13, 29
List the prime factors of 1566.
2, 3, 29
What are the prime factors of 1063?
1063
List the prime factors of 3510.
2, 3, 5, 13
List the prime factors of 3381.
3, 7, 23
What are the prime factors of 2944?
2, 23
What are the prime factors of 2714?
2, 23, 59
List the prime factors of 928.
2, 29
What are the prime factors of 6558?
2, 3, 1093
List the prime factors of 66148.
2, 23, 719
What are the prime factors of 905?
5, 181
List the prime factors of 469.
7, 67
What are the prime factors of 14688?
2, 3, 17
List the prime factors of 23812.
2, 5953
List the prime factors of 1635.
3, 5, 109
What are the prime factors of 55032?
2, 3, 2293
What are the prime factors of 6239?
17, 367
What are the prime factors of 6603?
3, 31, 71
What are the prime factors of 19262?
2, 9631
What are the prime factors of 9410?
2, 5, 941
What are the prime factors of 1693?
1693
What are the prime factors of 876?
2, 3, 73
List the prime factors of 130.
2, 5, 13
List the prime factors of 1535.
5, 307
What are the prime factors of 1516?
2, 379
List the prime factors of 55777.
17, 193
What are the prime factors of 56988?
2, 3, 1583
What are the prime factors of 37406?
2, 59, 317
List the prime factors of 247.
13, 19
List the prime factors of 4670.
2, 5, 467
List the prime factors of 2720.
2, 5, 17
List the prime factors of 5706.
2, 3, 317
What are the prime factors of 3600?
2, 3, 5
What are the prime factors of 2361?
3, 787
What are the prime factors of 1980?
2, 3, 5, 11
What are the prime factors of 1797?
3, 599
What are the prime factors of 1677?
3, 13, 43
List the prime factors of 1565.
5, 313
What are the prime factors of 1095?
3, 5, 73
What are the prime factors of 9509?
37, 257
What are the prime factors of 2404?
2, 601
List the prime factors of 3692.
2, 13, 71
List the prime factors of 89971.
7, 12853
What are the prime factors of 1062?
2, 3, 59
List the prime factors of 53923.
53923
What are the prime factors of 4564?
2, 7, 163
List the prime factors of 7530.
2, 3, 5, 251
List the prime factors of 702.
2, 3, 13
What are the prime factors of 11298?
2, 3, 7, 269
What are the prime factors of 7591?
7591
What are the prime factors of 3669?
3, 1223
What are the prime factors of 83306?
2, 23, 1811
List the prime factors of 1413.
3, 157
What are the prime factors of 6735?
3, 5, 449
List the prime factors of 23834.
2, 17, 701
List the prime factors of 2209.
47
List the prime factors of 1717.
17, 101
List the prime factors of 4670.
2, 5, 467
What are the prime factors of 12933?
3, 479
What are the prime factors of 17834?
2, 37, 241
What are the prime factors of 2234?
2, 1117
What are the prime factors of 4900?
2, 5, 7
What are the prime factors of 3269?
7, 467
List the prime factors of 11395.
5, 43, 53
What are the prime factors of 24994?
2, 12497
What are the prime factors of 35601?
3, 11867
What are the prime factors of 24771?
3, 23, 359
What are the prime factors of 2342?
2, 1171
List the prime factors of 1484.
2, 7, 53
What are the prime factors of 79980?
2, 3, 5, 31, 43
List the prime factors of 4129.
4129
What are the prime factors of 37642?
2, 11, 29, 59
What are the prime factors of 528?
2, 3, 11
What are the prime factors of 861?
3, 7, 41
List the prime factors of 1698.
2, 3, 283
What are the prime factors of 197?
197
List the prime factors of 75417.
3, 23, 1093
List the prime factors of 81.
3
List the prime factors of 5617.
41, 137
List the prime factors of 471.
3, 157
What are the prime factors of 102426?
2, 3, 43, 397
What are the prime factors of 42752?
2, 167
List the prime factors of 95927.
13, 47, 157
List the prime factors of 61095.
3, 5, 4073
List the prime factors of 48539.
48539
List the prime factors of 867.
3, 17
List the prime factors of 2647.
2647
List the prime factors of 2028.
2, 3, 13
List the prime factors of 6329.
6329
What are the prime factors of 35992?
2, 11, 409
List the prime factors of 34668.
2, 3, 107
List the prime factors of 799.
17, 47
What are the prime factors of 22869?
3, 7, 11
List the prime factors of 9776.
2, 13, 47
List the prime factors of 1551.
3, 11, 47
List the prime factors of 17792.
2, 139
List the prime factors of 1691.
19, 89
List the prime factors of 56804.
2, 11, 1291
What are the prime factors of 130858?
2, 7, 13, 719
List the prime factors of 19934.
2, 9967
List the prime factors of 90876.
2, 3, 7573
What are the prime factors of 67982?
2, 19, 1789
What are the prime factors of 392?
2, 7
What are the prime factors of 711?
3, 79
What are the prime factors of 823?
823
What are the prime factors of 81996?
2, 3, 6833
What are the prime factors of 81192?
2, 3, 17, 199
List the prime factors of 3115.
5, 7, 89
What are the prime factors of 73148?
2, 18287
List the prime factors of 6942.
2, 3, 13, 89
List the prime factors of 10813.
11, 983
What are the prime factors of 220?
2, 5, 11
What are the prime factors of 822?
2, 3, 137
List the prime factors of 1182.
2, 3, 197
List the prime factors of 15.
3, 5
List the prime factors of 135129.
3, 31, 1453
List the prime factors of 1752.
2, 3, 73
List the prime factors of 1813.
7, 37
List the prime factors of 1508.
2, 13, 29
What are the prime factors of 5463?
3, 607
List the prime factors of 45932.
2, 11483
List the prime factors of 334.
2, 167
What are the prime factors of 5460?
2, 3, 5, 7, 13
What are the prime factors of 3789?
3, 421
What are the prime factors of 21664?
2, 677
What are the prime factors of 63239?
11, 5749
What are the prime factors of 46459?
7, 6637
What are the prime factors of 35317?
35317
List the prime factors of 41058.
2, 3, 2281
List the prime factors of 35961.
3, 11987
List the prime factors of 8082.
2, 3, 449
What are the prime factors of 1013?
1013
What are the prime factors of 551?
19, 29
List the prime factors of 89770.
2, 5, 47, 191
List the prime factors of 1710.
2, 3, 5, 19
What are the prime factors of 4648?
2, 7, 83
What are the prime factors of 9418?
2, 17, 277
List the prime factors of 39370.
2, 5, 31, 127
What are the prime factors of 12421?
12421
List the prime factors of 8352.
2, 3, 29
List the prime factors of 2660.
2, 5, 7, 19
List the prime factors of 3295.
5, 659
List the prime factors of 2869.
19, 151
List the prime factors of 26165.
5, 5233
List the prime factors of 353.
353
List the prime factors of 1226.
2, 613
What are the prime factors of 6586?
2, 37, 89
List the prime factors of 2308.
2, 577
List the prime factors of 21989.
11, 1999
List the prime factors of 447.
3, 149
List the prime factors of 28256.
2, 883
What are the prime factors of 5615?
5, 1123
List the prime factors of 20841.
3, 6947
List the prime factors of 3371.
3371
L